 11 a factor of 29403?
True
Does 9 divide 741?
False
Is 264 a multiple of 12?
True
Is 20955 a multiple of 12?
False
Does 4 divide 17?
False
Does 17 divide 94?
False
Is 43698 a multiple of 10?
False
Does 3 divide 333?
True
Does 356 divide 43076?
True
Does 7 divide 2191?
True
Does 11 divide 1452?
True
Is 183 a factor of 20650?
False
Is 483 a multiple of 14?
False
Is 89072 a multiple of 38?
True
Does 24 divide 7416?
True
Does 7 divide 661?
False
Does 26 divide 313?
False
Is 13 a factor of 387?
False
Is 50848 a multiple of 28?
True
Is 105 a factor of 19530?
True
Is 47424 a multiple of 39?
True
Is 1231 a multiple of 35?
False
Does 51 divide 3583?
False
Does 52 divide 3406?
False
Is 40 a factor of 1281?
False
Does 74 divide 86351?
False
Does 29 divide 2002?
False
Is 592 a multiple of 8?
True
Does 10 divide 2950?
True
Is 18 a factor of 89?
False
Does 46 divide 1242?
True
Is 427 a multiple of 11?
False
Is 446 a factor of 22492?
False
Is 407 a multiple of 25?
False
Is 117 a factor of 2676?
False
Is 34 a factor of 1751?
False
Is 3 a factor of 2269?
False
Does 100 divide 13889?
False
Is 243 a multiple of 19?
False
Does 10 divide 2920?
True
Is 24500 a multiple of 10?
True
Does 54 divide 63504?
True
Does 14 divide 141?
False
Is 1208 a multiple of 8?
True
Is 37 a factor of 39012?
False
Is 3696 a multiple of 66?
True
Is 1312 a multiple of 7?
False
Is 28 a factor of 924?
True
Is 14141 a multiple of 23?
False
Does 24 divide 3363?
False
Is 7 a factor of 3266?
False
Is 39474 a multiple of 86?
True
Does 18 divide 8832?
False
Is 1260 a multiple of 12?
True
Is 11047 a multiple of 21?
False
Is 374 a multiple of 17?
True
Is 14 a factor of 896?
True
Does 9 divide 788?
False
Is 26222 a multiple of 13?
False
Is 161 a factor of 13264?
False
Is 103 a factor of 103?
True
Is 12 a factor of 1091?
False
Is 71 a factor of 6230?
False
Is 87 a factor of 1384?
False
Is 3270 a multiple of 15?
True
Is 9 a factor of 5226?
False
Is 5 a factor of 280?
True
Is 49 a factor of 43318?
False
Is 14504 a multiple of 74?
True
Is 25 a factor of 86?
False
Is 493 a multiple of 18?
False
Is 1298 a multiple of 118?
True
Is 34 a factor of 4949?
False
Is 15 a factor of 390?
True
Is 150 a multiple of 3?
True
Is 9351 a multiple of 14?
False
Is 2464 a multiple of 56?
True
Is 143132 a multiple of 11?
True
Is 408 a multiple of 34?
True
Does 96 divide 63264?
True
Is 203 a multiple of 7?
True
Is 2418 a multiple of 26?
True
Is 83 a multiple of 11?
False
Is 48 a factor of 1106?
False
Is 5515 a multiple of 111?
False
Does 15 divide 210?
True
Is 26816 a multiple of 57?
False
Does 78 divide 2496?
True
Is 4 a factor of 324?
True
Does 58 divide 2320?
True
Does 10 divide 1530?
True
Is 4216 a multiple of 31?
True
Is 33 a factor of 48192?
False
Is 1217 a multiple of 29?
False
Does 148 divide 4736?
True
Is 10 a factor of 220?
True
Is 808 a multiple of 11?
False
Is 1692 a multiple of 12?
True
Does 21 divide 423?
False
Is 1577 a multiple of 9?
False
Is 135 a factor of 1485?
True
Does 14 divide 1436?
False
Is 44 a factor of 528?
True
Is 44613 a multiple of 362?
False
Is 123 a multiple of 13?
False
Is 14 a factor of 55171?
False
Does 15 divide 267?
False
Is 8 a factor of 359?
False
Does 11 divide 2365?
True
Is 36 a factor of 144?
True
Is 28 even?
True
Does 115 divide 1610?
True
Is 28 a factor of 868?
True
Does 12 divide 2148?
True
Does 4 divide 5371?
False
Does 22 divide 43828?
False
Is 7 a factor of 9322?
False
Is 248 a factor of 56048?
True
Is 18 a factor of 648?
True
Is 302 a multiple of 56?
False
Does 5 divide 38?
False
Is 480 a multiple of 32?
True
Is 54 a factor of 148?
False
Is 99 a factor of 22473?
True
Is 3 a factor of 153?
True
Is 78 a factor of 468?
True
Is 9 a factor of 69?
False
Is 29 a factor of 18096?
True
Does 59 divide 2687?
False
Is 2268 a multiple of 21?
True
Is 37 a factor of 5773?
False
Does 2 divide 56?
True
Is 969 a multiple of 17?
True
Does 42 divide 1302?
True
Does 29 divide 1160?
True
Is 2 a factor of 41?
False
Does 13 divide 1067?
False
Does 34 divide 850?
True
Does 2 divide 7?
False
Does 14 divide 1275?
False
Is 733 a multiple of 26?
False
Is 48216 a multiple of 21?
True
Is 990 a multiple of 33?
True
Is 74 a factor of 6660?
True
Is 4 a factor of 14?
False
Is 24 a factor of 10104?
True
Does 14 divide 70?
True
Is 25 a factor of 6728?
False
Does 60 divide 900?
True
Is 825 a multiple of 33?
True
Is 78 a factor of 15366?
True
Is 97 a factor of 194?
True
Does 162 divide 7290?
True
Is 5442 a multiple of 82?
False
Is 38 a factor of 72433?
False
Is 22 a multiple of 11?
True
Is 67 even?
False
Is 16 a multiple of 8?
True
Does 41 divide 1230?
True
Does 12 divide 156?
True
Is 22606 a multiple of 89?
True
Does 30 divide 14978?
False
Is 41 a factor of 10076?
False
Is 5244 a multiple of 138?
True
Is 27588 a multiple of 228?
True
Does 103 divide 6695?
True
Is 4568 a multiple of 4?
True
Is 6226 a multiple of 100?
False
Is 106 a factor of 1013?
False
Does 10 divide 210?
True
Is 1287 a multiple of 42?
False
Does 6 divide 7383?
False
Is 4644 a multiple of 9?
True
Is 18 a factor of 342?
True
Is 14 a factor of 5779?
False
Is 1085 a multiple of 31?
True
Is 10756 even?
True
Is 13865 a multiple of 37?
False
Is 20 a factor of 360?
True
Is 207 a factor of 57226?
False
Does 10 divide 490?
True
Is 2230 a multiple of 223?
True
Is 110 a factor of 4434?
False
Is 7 a factor of 35084?
True
Is 16464 a multiple of 21?
True
Is 104 a factor of 4680?
True
Is 26 a factor of 1274?
True
Is 19114 a multiple of 15?
False
Is 31 a factor of 2604?
True
Is 29725 a multiple of 25?
True
Does 22 divide 1166?
True
Is 34 a factor of 13938?
False
Is 28 a factor of 426?
False
Is 77 a factor of 1463?
True
Is 5261 a multiple of 27?
False
Is 429 a multiple of 11?
True
Does 3 divide 4305?
True
Is 4850 a multiple of 50?
True
Is 417 a multiple of 3?
True
Is 964 a multiple of 2?
True
Is 12 a factor of 21012?
True
Is 27342 a multiple of 98?
True
Is 3 a factor of 1377?
True
Is 9288 a multiple of 9?
True
Is 14 a factor of 1834?
True
Is 44 a factor of 388?
False
Is 13 a factor of 208?
True
Is 94 a multiple of 11?
False
Does 79 divide 40764?
True
Does 14 divide 8909?
False
Is 25 a factor of 5825?
True
Does 14 divide 728?
True
Is 21 a factor of 5838?
True
Is 77 a factor of 2090?
False
Does 30 divide 70230?
True
Does 13 divide 6838?
True
Is 14729 a multiple of 103?
True
Does 83 divide 2193?
False
Is 17 a factor of 21998?
True
Is 1748 a multiple of 17?
False
Does 6 divide 102?
True
Is 270 a multiple of 25?
False
Does 169 divide 59995?
True
Is 121 a factor of 58746?
False
Does 18 divide 162?
True
Does 14 divide 1157?
False
Is 53 a factor of 18837?
False
Does 4 divide 819?
False
Is 3014 a multiple of 14?
False
Does 48 divide 280?
False
Is 176 a multiple of 6?
False
Does 11 divide 2574?
True
Does 45 divide 2446?
False
Is 3663 a multiple of 64?
False
Is 7688 a multiple of 27?
False
Does 7 divide 32750?
False
Is 21 a factor of 56?
False
Is 448 a multiple of 11?
False
Is 46 a factor of 763?
False
Is 2100 a multiple of 20?
True
Does 60 divide 660?
True
Does 7 divide 2233?
True
Does 15 divide 631?
False
Is 1380 a multiple of 23?
True
Is 10 a factor of 103296?
False
Does 15 divide 52473?
False
Is 4565 a multiple of 43?
False
Is 36876 a multiple of 22?
False
Is 22 a factor of 5306?
False
Does 15 divide 285?
True
Does 5 divide 361?
False
Is 10 a factor of 64?
False
Is 16940 a multiple of 140?
True
Does 421 divide 88026?
False
Is 12176 a multiple of 16?
True
Does 18 divide 35694?
True
Does 12 divide 672?
True
Is 9 a factor of 343?
False
Does 25 divide 17075?
True
Is 19697 a multiple of 9?
False
Is 54871 a multiple of 37?
True
Is 57 a factor of 1197?
True
Does 10 divide 3726?
False
Is 8968 a multiple of 8?
True
Does 284 divide 12027?
False
Does 8 divide 4512?
True
Is 43974 a multiple of 349?
True
Is 13422 a multiple of 92?
False
Is 8 a factor of 9248?
True
Is 6493 a multiple of 31?
False
Is 41 a factor of 36941?
True
Is 53 even?
False
Is 28 a factor of 24186?
False
Is 150 a multiple of 15?
True
Does 41 divide 17466?
True
Does 48 divide 2496?
True
Is 994 a multiple of 2?
True
Does 23 divide 1357?
True
Is 25 a factor of 1275?
True
Is 3724 a multiple of 4?
True
Is 19 a factor of 1505?
False
Is 14 a factor of 13720?
True
Is 1974 a multiple of 7?
True
Is 673 a multiple of 2?
